or of 255?
True
Is 827 a multiple of 46?
False
Is 166 a multiple of 58?
False
Does 19 divide 836?
True
Is 17 a factor of 272?
True
Does 22 divide 141812?
True
Is 451 a multiple of 62?
False
Is 15 a factor of 4809?
False
Is 33 a factor of 9999?
True
Is 25 a factor of 1527?
False
Does 121 divide 23407?
False
Is 7 a factor of 882?
True
Does 23 divide 138?
True
Is 93 a factor of 1116?
True
Is 16 a factor of 69940?
False
Does 93 divide 2976?
True
Is 56 a factor of 384?
False
Is 245 a multiple of 35?
True
Does 27 divide 2099?
False
Is 78 a factor of 6552?
True
Is 11 a factor of 32429?
False
Is 6 a factor of 1836?
True
Is 774 a multiple of 43?
True
Is 1269 a multiple of 5?
False
Does 12 divide 46392?
True
Is 38 a factor of 7106?
True
Does 105 divide 32873?
False
Is 11 a factor of 23911?
False
Is 62 a factor of 744?
True
Is 9797 a multiple of 44?
False
Does 66 divide 3033?
False
Is 27296 a multiple of 86?
False
Is 34 a factor of 170?
True
Is 18995 a multiple of 22?
False
Is 11 a factor of 47377?
True
Is 1178 a multiple of 35?
False
Is 2802 a multiple of 20?
False
Is 427 a multiple of 7?
True
Does 13 divide 2686?
False
Is 15 a factor of 1830?
True
Is 7616 a multiple of 112?
True
Is 58 a factor of 2502?
False
Is 6 a factor of 697?
False
Is 36 a factor of 360?
True
Is 1296 a multiple of 27?
True
Is 16 a factor of 4544?
True
Does 29 divide 1682?
True
Is 13 a factor of 9997?
True
Is 19 a factor of 942?
False
Does 43 divide 16813?
True
Does 65 divide 2535?
True
Does 29 divide 812?
True
Does 33 divide 426?
False
Is 26 a factor of 1040?
True
Does 4 divide 267?
False
Is 314 a multiple of 4?
False
Does 34 divide 3434?
True
Is 3375 a multiple of 9?
True
Is 8 a factor of 4561?
False
Is 11 a factor of 4824?
False
Is 7843 a multiple of 23?
True
Is 25 a factor of 8725?
True
Is 139 a factor of 9591?
True
Is 13528 a multiple of 19?
True
Is 3 a factor of 570?
True
Is 1022 a multiple of 11?
False
Is 11 a factor of 47135?
True
Is 46 a factor of 2483?
False
Does 6 divide 90?
True
Does 10 divide 130?
True
Does 6 divide 42270?
True
Is 28 a factor of 532?
True
Does 17 divide 3740?
True
Is 393 a factor of 70347?
True
Does 15 divide 4890?
True
Does 28 divide 37328?
False
Is 511 a multiple of 40?
False
Is 177 a factor of 23010?
True
Is 295 a factor of 95875?
True
Does 13 divide 12111?
False
Is 18 a factor of 5976?
True
Is 73730 a multiple of 73?
True
Is 6 a factor of 1661?
False
Is 660 a multiple of 30?
True
Is 303 a multiple of 5?
False
Is 2925 a multiple of 25?
True
Is 25 a factor of 1626?
False
Is 14 a factor of 224?
True
Does 21 divide 321?
False
Is 17 a factor of 12036?
True
Does 8 divide 696?
True
Is 1017 a multiple of 9?
True
Does 20 divide 456?
False
Does 92 divide 34684?
True
Is 418 a multiple of 18?
False
Is 24 a factor of 11304?
True
Is 27 a factor of 711?
False
Is 8 a factor of 1258?
False
Does 20 divide 5145?
False
Is 6398 a multiple of 97?
False
Is 10 a factor of 28456?
False
Is 1528 a multiple of 11?
False
Does 18 divide 1509?
False
Does 36 divide 16632?
True
Is 720 a multiple of 8?
True
Does 11 divide 23562?
True
Does 2 divide 31?
False
Does 94 divide 6459?
False
Is 3861 a multiple of 13?
True
Is 40 a multiple of 9?
False
Does 46 divide 2346?
True
Does 35 divide 980?
True
Does 16 divide 22992?
True
Does 20 divide 1300?
True
Does 32 divide 12096?
True
Does 11 divide 385?
True
Is 247 a multiple of 3?
False
Does 85 divide 11060?
False
Does 20 divide 1780?
True
Is 14 a factor of 2559?
False
Is 210 a multiple of 10?
True
Is 327 a factor of 35316?
True
Is 3272 a multiple of 164?
False
Is 18 a factor of 1653?
False
Is 26350 a multiple of 34?
True
Is 52 a factor of 117?
False
Does 75 divide 24191?
False
Is 9 a factor of 918?
True
Does 37 divide 19684?
True
Is 44 a factor of 3537?
False
Is 5238 a multiple of 6?
True
Is 135222 a multiple of 62?
True
Is 86394 a multiple of 154?
True
Is 41238 a multiple of 121?
False
Is 72 a factor of 8784?
True
Does 19 divide 2660?
True
Is 4784 a multiple of 7?
False
Is 297 a factor of 12566?
False
Is 34 a factor of 2380?
True
Is 120822 a multiple of 13?
True
Does 37 divide 210?
False
Is 6 a factor of 392?
False
Is 3 a factor of 546?
True
Is 16123 a multiple of 49?
False
Is 7 a factor of 444?
False
Is 9 a factor of 274?
False
Is 55 even?
False
Is 10 a factor of 5600?
True
Does 20 divide 134?
False
Does 65 divide 6387?
False
Does 21 divide 819?
True
Is 7014 a multiple of 58?
False
Is 82 a factor of 23210?
False
Is 307 a multiple of 32?
False
Is 4998 a multiple of 9?
False
Does 44 divide 30184?
True
Is 108 a factor of 21166?
False
Does 9 divide 2790?
True
Is 8 a factor of 19743?
False
Is 19 a factor of 5489?
False
Is 711 a multiple of 79?
True
Does 3 divide 129?
True
Does 85 divide 5780?
True
Does 125 divide 15250?
True
Does 18 divide 468?
True
Is 2237 a multiple of 24?
False
Is 6872 a multiple of 8?
True
Is 26 a factor of 24830?
True
Is 7592 a multiple of 52?
True
Is 24863 a multiple of 15?
False
Is 10 a factor of 9820?
True
Is 182 a multiple of 13?
True
Is 134 a factor of 788?
False
Is 10 a factor of 284?
False
Is 131 a factor of 11397?
True
Is 5544 a multiple of 18?
True
Is 59 a factor of 3551?
False
Is 1540 a multiple of 14?
True
Does 42 divide 4002?
False
Is 4 a factor of 31?
False
Does 16 divide 80?
True
Is 104 a multiple of 52?
True
Is 81 a factor of 1377?
True
Is 48 a factor of 666?
False
Is 17 a factor of 3110?
False
Is 8 a factor of 224?
True
Does 43 divide 2881?
True
Does 11 divide 2331?
False
Is 12 a factor of 5796?
True
Is 7 a factor of 175?
True
Is 3 a factor of 5604?
True
Is 7062 a multiple of 33?
True
Does 31 divide 108314?
True
Is 9167 a multiple of 2?
False
Does 14 divide 3446?
False
Does 135 divide 20520?
True
Does 19 divide 6118?
True
Does 36 divide 41076?
True
Does 108 divide 2116?
False
Does 86 divide 2556?
False
Does 21 divide 5509?
False
Is 3557 a multiple of 2?
False
Is 715 a multiple of 13?
True
Is 41244 a multiple of 84?
True
Does 37 divide 5180?
True
Is 928 a multiple of 16?
True
Is 9 a factor of 2916?
True
Does 19 divide 5380?
False
Is 24 a factor of 7416?
True
Is 70 a factor of 15470?
True
Is 22 a factor of 4869?
False
Does 12 divide 3816?
True
Is 12624 a multiple of 8?
True
Does 73 divide 8182?
False
Is 68 a factor of 8500?
True
Is 26 a factor of 10686?
True
Is 2784 a multiple of 116?
True
Does 66 divide 2334?
False
Is 2352 a multiple of 42?
True
Is 20988 a multiple of 36?
True
Is 21082 a multiple of 83?
True
Does 30 divide 5100?
True
Is 15 a factor of 375?
True
Is 897 a multiple of 31?
False
Does 8 divide 144?
True
Is 34 a factor of 799?
False
Is 17550 a multiple of 30?
True
Is 11 a factor of 242?
True
Is 2396 a multiple of 9?
False
Is 55 a factor of 1980?
True
Is 105462 a multiple of 189?
True
Is 520 a multiple of 17?
False
Is 34 a factor of 4790?
False
Is 2 a factor of 104?
True
Is 22984 a multiple of 68?
True
Is 31 a factor of 124?
True
Is 147 a multiple of 21?
True
Is 384 a multiple of 12?
True
Is 64 a factor of 1446?
False
Is 124 a multiple of 62?
True
Is 13 a factor of 167?
False
Does 11 divide 165?
True
Is 19 a factor of 1121?
True
Does 92 divide 1104?
True
Is 539 a factor of 19943?
True
Does 13 divide 14573?
True
Does 8 divide 24?
True
Is 42877 a multiple of 9?
False
Is 146 a multiple of 16?
False
Is 12 a factor of 660?
True
Does 9 divide 16983?
True
Is 1506 a multiple of 12?
False
Is 30 a factor of 4050?
True
Is 35 a factor of 139020?
True
Is 34 a factor of 4012?
True
Is 484 a multiple of 11?
True
Does 101 divide 7676?
True
Is 398 a multiple of 23?
False
Is 10 a factor of 260?
True
Does 24 divide 26832?
True
Does 20 divide 820?
True
Is 1944 a multiple of 13?
False
Is 88 a multiple of 3?
False
Does 11 divide 2398?
True
Is 12610 a multiple of 10?
True
Is 10 a factor of 1510?
True
Does 4 divide 336?
True
Is 7 a factor of 7895?
False
Does 37 divide 1554?
True
Does 197 divide 48462?
True
Does 5 divide 10481?
False
Is 58 a factor of 12528?
True
Is 1792 a multiple of 32?
True
Is 87 a factor of 72967?
False
Does 7 divide 410?
False
Does 30 divide 446?
False
Is 10880 a multiple of 7?
False
Is 1008 a multiple of 28?
True
Is 3 a factor of 1657?
False
Is 89 a factor of 77341?
True
Does 13 divide 239?
False
Is 43 a factor of 112?
False
Does 6 divide 7662?
True
Is 7933 a multiple of 81?
False
Does 14 divide 47